tor of 2960?
True
Does 56 divide 361?
False
Is 4 a factor of 1197?
False
Is 74 a factor of 32817?
False
Is 33 a factor of 495?
True
Is 142 a factor of 15620?
True
Does 18 divide 64810?
False
Does 15 divide 498?
False
Does 64 divide 5474?
False
Does 127 divide 6731?
True
Is 95615 a multiple of 13?
True
Does 34 divide 1326?
True
Is 450 a multiple of 18?
True
Does 64 divide 17864?
False
Is 4 a factor of 163?
False
Is 25 a factor of 5250?
True
Does 13 divide 624?
True
Is 18 a factor of 2016?
True
Is 115 even?
False
Is 1617 a multiple of 33?
True
Is 2380 a multiple of 28?
True
Is 22 a factor of 1364?
True
Is 865 a multiple of 3?
False
Is 284 a multiple of 4?
True
Is 60 a factor of 5475?
False
Is 5063 a multiple of 61?
True
Does 4 divide 36?
True
Is 13 a factor of 1573?
True
Is 174 a multiple of 6?
True
Is 4 a factor of 1740?
True
Is 5419 a multiple of 171?
False
Is 80 a factor of 47044?
False
Is 19 a factor of 8436?
True
Is 17743 a multiple of 197?
False
Does 75 divide 1691?
False
Is 14562 a multiple of 20?
False
Does 46 divide 2714?
True
Is 754 a multiple of 58?
True
Does 12 divide 1824?
True
Is 3 a factor of 66?
True
Does 3 divide 8646?
True
Does 47 divide 2254?
False
Does 175 divide 2042?
False
Is 450 a multiple of 5?
True
Is 1033 a multiple of 6?
False
Is 18 a factor of 3510?
True
Is 10 a factor of 1391?
False
Is 13 a factor of 699?
False
Is 10624 a multiple of 64?
True
Is 21 a factor of 11361?
True
Does 123 divide 77859?
True
Does 16 divide 5159?
False
Does 28 divide 14565?
False
Is 18 a factor of 1890?
True
Does 6 divide 114?
True
Is 771 a multiple of 51?
False
Is 7 a factor of 332?
False
Is 17 a factor of 11586?
False
Is 46 a factor of 1334?
True
Is 81 a multiple of 2?
False
Is 2162 even?
True
Is 140 a factor of 113820?
True
Is 68 a factor of 3196?
True
Is 16917 a multiple of 101?
False
Is 24695 a multiple of 55?
True
Is 1717 a multiple of 17?
True
Is 18 a factor of 4698?
True
Is 8060 a multiple of 13?
True
Is 5089 a multiple of 17?
False
Is 6 a factor of 9120?
True
Is 4 a factor of 1527?
False
Is 12 a factor of 360?
True
Is 92161 a multiple of 23?
True
Is 42 a factor of 504?
True
Is 76 a multiple of 38?
True
Is 65 a factor of 1690?
True
Is 3 a factor of 718?
False
Is 6778 a multiple of 96?
False
Is 13 a factor of 401?
False
Is 3 a factor of 404?
False
Is 12 a factor of 7512?
True
Does 176 divide 2112?
True
Is 5934 a multiple of 43?
True
Does 69 divide 1449?
True
Is 180 a multiple of 12?
True
Does 8 divide 1380?
False
Does 9 divide 1136?
False
Is 388 a factor of 6985?
False
Is 630 a multiple of 14?
True
Is 176 a multiple of 8?
True
Does 86 divide 688?
True
Is 35 a factor of 2815?
False
Is 16064 a multiple of 2?
True
Is 1101 a multiple of 7?
False
Is 25 a factor of 49869?
False
Is 2860 a multiple of 22?
True
Is 31 a factor of 22165?
True
Is 134762 a multiple of 20?
False
Is 165 a factor of 41910?
True
Is 11132 a multiple of 46?
True
Is 2030 a multiple of 85?
False
Does 10 divide 3006?
False
Does 52 divide 13463?
False
Is 36 a factor of 4572?
True
Does 16 divide 96?
True
Is 25444 a multiple of 3?
False
Is 33 a factor of 6395?
False
Does 10 divide 433?
False
Does 60 divide 1669?
False
Is 1922 a multiple of 31?
True
Is 10 a factor of 7520?
True
Is 6 a factor of 6668?
False
Does 7 divide 63?
True
Does 21 divide 610?
False
Does 37 divide 870?
False
Is 420 a multiple of 70?
True
Does 31 divide 3782?
True
Does 25 divide 35600?
True
Is 960 a multiple of 30?
True
Is 13 a factor of 104?
True
Is 2637 a multiple of 9?
True
Does 23 divide 9062?
True
Is 336 a multiple of 24?
True
Does 179 divide 11814?
True
Is 3120 a multiple of 26?
True
Is 13 a factor of 21049?
False
Does 23 divide 115?
True
Does 10 divide 220?
True
Is 280 a multiple of 10?
True
Is 61 a factor of 1525?
True
Does 4 divide 72?
True
Is 40248 a multiple of 312?
True
Is 3751 a multiple of 31?
True
Is 314 a multiple of 10?
False
Is 14 a factor of 368?
False
Is 7999 a multiple of 12?
False
Is 9133 a multiple of 6?
False
Does 2 divide 273?
False
Is 22 a factor of 409?
False
Is 4672 a multiple of 73?
True
Does 9 divide 21060?
True
Is 1100 a multiple of 55?
True
Is 13 a factor of 195?
True
Does 189 divide 65125?
False
Is 7992 a multiple of 4?
True
Is 13 a factor of 4071?
False
Is 6450 a multiple of 6?
True
Is 31 a factor of 5555?
False
Does 35 divide 61558?
False
Does 10 divide 990?
True
Is 20 a factor of 6764?
False
Is 39 a factor of 1755?
True
Does 17 divide 510?
True
Is 87 a factor of 2697?
True
Does 63 divide 766?
False
Does 112 divide 57074?
False
Does 32 divide 23744?
True
Is 13 a factor of 2275?
True
Is 54247 a multiple of 100?
False
Does 94 divide 68526?
True
Is 56512 a multiple of 38?
False
Is 14136 a multiple of 93?
True
Is 75383 a multiple of 172?
False
Does 21 divide 46053?
True
Does 198 divide 11599?
False
Is 1542 a multiple of 4?
False
Does 4 divide 60?
True
Is 9037 a multiple of 15?
False
Is 320 a multiple of 5?
True
Is 12 a factor of 24624?
True
Is 14055 a multiple of 40?
False
Is 58 a factor of 12574?
False
Is 73 a factor of 10074?
True
Is 45 a factor of 3555?
True
Is 75733 a multiple of 31?
True
Is 24 a factor of 528?
True
Is 16 a factor of 7226?
False
Is 22 a factor of 15135?
False
Is 9889 a multiple of 15?
False
Is 14 a factor of 15107?
False
Does 23 divide 93472?
True
Is 81 even?
False
Is 12291 a multiple of 17?
True
Is 67853 a multiple of 8?
False
Does 4 divide 139?
False
Is 13870 a multiple of 10?
True
Does 23 divide 2333?
False
Is 12 a factor of 26532?
True
Does 2 divide 1716?
True
Is 1440 a multiple of 45?
True
Is 36446 a multiple of 32?
False
Is 516 a multiple of 15?
False
Does 35 divide 77?
False
Is 4364 a multiple of 3?
False
Is 13 a factor of 6032?
True
Is 245 a multiple of 2?
False
Is 739 a multiple of 10?
False
Is 29 a factor of 105850?
True
Does 17 divide 5627?
True
Is 8 a factor of 504?
True
Is 10473 a multiple of 46?
False
Is 21624 a multiple of 8?
True
Is 558 a multiple of 93?
True
Does 76 divide 5320?
True
Is 7015 a multiple of 15?
False
Is 4 a factor of 132?
True
Is 62848 a multiple of 348?
False
Does 21 divide 105?
True
Is 2208 a multiple of 12?
True
Is 15 a factor of 2805?
True
Does 12 divide 30144?
True
Does 43 divide 1318?
False
Is 851 a multiple of 37?
True
Is 5520 a multiple of 30?
True
Is 1075 a multiple of 9?
False
Is 9 a factor of 96?
False
Is 1470 a multiple of 30?
True
Does 17 divide 254?
False
Is 8988 a multiple of 14?
True
Does 3 divide 120?
True
Is 1232 a multiple of 44?
True
Is 20 a factor of 12400?
True
Does 27 divide 28809?
True
Is 10183 a multiple of 6?
False
Does 4 divide 441?
False
Is 3179 a multiple of 17?
True
Is 5 a factor of 645?
True
Is 3147 a multiple of 19?
False
Is 62 a multiple of 62?
True
Does 25 divide 650?
True
Is 9028 a multiple of 148?
True
Is 104 a multiple of 16?
False
Is 21 a factor of 1911?
True
Is 63 a multiple of 3?
True
Does 72 divide 740?
False
Is 541 a multiple of 24?
False
Is 5132 a multiple of 113?
False
Is 64 a factor of 75584?
True
Does 51 divide 13071?
False
Does 19 divide 190?
True
Does 23 divide 4763?
False
Is 105 a multiple of 2?
False
Is 414 a multiple of 25?
False
Is 47 a factor of 4606?
True
Is 385 a multiple of 16?
False
Is 805 a multiple of 76?
False
Is 742 a multiple of 14?
True
Is 4176 a multiple of 2?
True
Is 4 a factor of 3215?
False
Is 39 a factor of 34247?
False
Is 14446 a multiple of 62?
True
Is 756 a multiple of 58?
False
Does 32 divide 3214?
False
Is 1128 a multiple of 12?
True
Is 12 a factor of 128?
False
Is 77 a multiple of 2?
False
Does 132 divide 36036?
True
Is 72 a factor of 3384?
True
Does 29 divide 1702?
False
Does 13 divide 1751?
False
Is 720 a multiple of 48?
True
Is 3 a factor of 671?
False
Does 13 divide 1895?
False
Is 323 a multiple of 19?
True
Is 88 a factor of 6893?
False
Is 867 a multiple of 75?
False
Is 54 a factor of 42660?
True
Is 3786 a multiple of 51?
False
Is 1224 a multiple of 51?
True
Is 48 a factor of 912?
True
Is 2016 a multiple of 24?
True
Is 1554 a multiple of 16?
False
Is 6225 a multiple of 25?
True
Does 4 divide 491?
False
Does 13 divide 1768?
True
Is 4829 a multiple of 15?
False
Does 26 divide 14638?
True
Is 14201 a multiple of 11?
True
Does 86 divide 29147?
False
Is 6 a factor of 5730?
True
Is 19650 a multiple of 30?
True
Is 1092 a multiple of 12?
True
Does 8 div